ose -2*f - 32 = -4*f. What is the greatest common divisor of o and f?
2
Let z(f) = -f**3 + 5*f**2 + f - 1. Let y be z(5). Let p be (-2)/(5 - 6) + (-4)/(-2). Suppose -p*r = -y - 44. Calculate the highest common divisor of 6 and r.
6
Let s = -8 - -7. Let i be 2 - (3 + s - 54). Suppose -4*x + i = -2*x. What is the greatest common factor of 9 and x?
9
Suppose -6 = -2*r + 4*a - 2*a, -4*a = 2*r - 12. Let h = r - 1. Calculate the greatest common factor of 2 and h.
1
Suppose -2*c - 2*c - m + 331 = 0, 411 = 5*c + 4*m. Suppose c = 3*r - 49. Suppose -3*k = -r + 8. What is the greatest common factor of k and 12?
12
Let w(v) = 25*v - 74. Let f(t) = -t**3 + 6*t**2 - 8*t + 10. Let r be f(4). Let x be w(r). What is the greatest common divisor of x and 16?
16
Suppose -8*j - 405 = -2405. Let f be (-2)/(-6) + j/6. Calculate the greatest common factor of f and 336.
42
Suppose 1778 = 14*n + 490. Calculate the greatest common factor of n and 299.
23
Let x(r) = r + 10. Let c be x(-8). Suppose -c*g + 20 = 4. What is the highest common factor of g and 4?
4
Let v(y) = 18*y - 40. Let p be v(11). Let k = p - 104. Calculate the greatest common factor of k and 6.
6
Let x be 9 - -12 - (9 + -2). Let v(r) = -2*r**3 - 3*r**2 + 2*r - 2. Let p be v(-4). Calculate the greatest common divisor of x and p.
14
Let w = 195 - 6. Let o(n) = n**2 + n. Let u(y) = y**2 - 6*y - 12. Let q(m) = 2*o(m) - u(m). Let v be q(-9). Calculate the greatest common divisor of w and v.
21
Let x(j) = -j**2 - 7*j. Let n be x(-3). Let q(b) = -7 + b - 3*b - 5 + 0*b. Let l be q(-9). Calculate the highest common factor of l and n.
6
Let u = -263 + 527. What is the greatest common divisor of 8 and u?
8
Let k = 179 + -123. Calculate the highest common divisor of 392 and k.
56
Suppose 4*b + 2*x - 906 = 0, 7*x + 1110 = 5*b + 5*x. Calculate the highest common divisor of b and 128.
32
Let p = 82 + -57. Suppose p = 2*u - 15. Suppose 3*j - j - 60 = 0. Calculate the greatest common divisor of u and j.
10
Let q be (78/(-117))/(6/(-1287)). Calculate the highest common divisor of 39 and q.
13
Suppose 8*w = 6*w + 48. Suppose -23*u + w = -20*u. What is the greatest common factor of 12 and u?
4
Let i(f) = -3*f**2 + 9*f + 8 + 9*f**2 - 2*f**2. Suppose 13*p - 135 = 40*p. Let k be i(p). Calculate the highest common divisor of 9 and k.
9
Suppose -153*n = -160*n + 665. What is the greatest common divisor of n and 5?
5
Let m = -72 - -74. Calculate the highest common divisor of 2 and m.
2
Suppose 4*r - 8 = -4*d, -4*r - 5 + 1 = 0. Suppose 0 = -d*g + 32 - 5. Calculate the greatest common factor of g and 3.
3
Let q be (-759)/161*175/(-5). Calculate the highest common factor of 6 and q.
3
Let h be 579/(-12) + (-1)/(-4). Let z be (208/h)/(2/(-6)). Let u be 2*z*(-18)/(-4). What is the greatest common divisor of u and 13?
13
Let h = -45 + 77. Suppose -15*m - 3*r + 509 = -11*m, -r - 513 = -4*m. What is the highest common factor of h and m?
32
Let v(g) = 2*g**2 - 10*g - 6. Let s be v(6). Suppose s*q = -0*q + 612. Calculate the highest common divisor of q and 6.
6
Let i = 66 + -69. Let p be (i - 0)/((-365)/70 - -5). Calculate the highest common factor of p and 35.
7
Suppose 2*q - 2*o - 3*o = 223, 428 = 4*q - 4*o. Calculate the highest common factor of 78 and q.
26
Let f = -37 + 169. Calculate the highest common factor of 48 and f.
12
Let y = -57 - -72. Suppose -17 = -5*p - 2*a, 5*a - 3 = -5*p + 17. What is the greatest common divisor of y and p?
3
Suppose 3*f = 6 - 0. Let k be (-21)/(-12) + f/8. Suppose b + k*b - 192 = 0. What is the highest common divisor of b and 8?
8
Let f be (-1 - -1)*(-12 + 13). Suppose -i + 2*i + 3 = f, 3*g - 162 = 4*i. Calculate the highest common divisor of 20 and g.
10
Suppose 59*u - 1482 = -44*u + 46*u. Let g be (26/6)/(2/12). Calculate the greatest common factor of u and g.
26
Let o be (75/(-20))/(-3 - 33/(-12)). Let u be 13 + 2*o/(-6). Calculate the highest common factor of 24 and u.
8
Let s(w) = w + 64. Let l be s(-20). Calculate the highest common factor of 1100 and l.
44
Suppose -4*c + 20 + 28 = 0. Suppose -8*v - 15 = -39. Calculate the highest common divisor of c and v.
3
Let y(b) = -5*b**3 - 4*b**2 + b + 3. Let q be y(-3). Let l = 15 - 10. Suppose -l*n + 3*n = -18. Calculate the highest common divisor of q and n.
9
Suppose 2*i = -3*i. Suppose i = -4*t - 3 + 15. Suppose -2*b - 6 = -0*p - p, 0 = p - t*b - 3. What is the highest common factor of 108 and p?
12
Let f be ((-20)/(-6))/(7238/(-363) - -20). Calculate the greatest common divisor of f and 2035.
55
Let t be -2 - -1 - (-55 + 0). Let f = -434 - -515. What is the highest common factor of f and t?
27
Suppose z - 3 = 11. Suppose -5*c - 89 = -z. Let y be 4/(-10) - 321/c. Calculate the greatest common divisor of y and 168.
21
Suppose -1521 = -5*j - 4*z, -5*z + 622 = -283*j + 285*j. What is the greatest common factor of j and 21?
7
Let n be 234/2 - (-12 + 11). Suppose 7*w + n = 1196. Suppose -i = 3 - 17. Calculate the greatest common divisor of i and w.
14
Suppose 14*u = -4*u + 216. Calculate the highest common divisor of 60 and u.
12
Suppose 3*b + 48 = 3*z, -2*z - 13 = 3*b + 20. Let g(l) = -l**2 - 16*l - 5. Let y be g(b). Calculate the greatest common factor of y and 68.
34
Let k(o) = 29*o - 162. Let p be k(10). Calculate the greatest common divisor of 320 and p.
64
Suppose -2*m + 28 = -56. Let a(x) = x + 1 + 0 + 13. Let s be a(0). What is the greatest common divisor of m and s?
14
Suppose 0*v + 4*v + 2*j - 52 = 0, -4*v + 52 = j. Let y be 14/2 + (-6)/(-3). Let z = 108 + y. Calculate the highest common factor of z and v.
13
Let s = 55 + -37. Suppose -w = -0*w - 12. Calculate the greatest common divisor of s and w.
6
Let z = -28 - -32. Suppose 5*o + z = o. Let k = 6 + o. Calculate the greatest common factor of k and 10.
5
Let b(r) = 3*r**3 - 2*r + 5. Let y be b(2). Let x be (-258)/(-18) + 2/3. Suppose -5*t + x = -35. What is the greatest common divisor of y and t?
5
Suppose 4*p - 4*q - 48 = 0, -5*q + q + 42 = 5*p. Let c be (-1)/(-5) + (-19)/(-5). Suppose -3*n = -c*n + p. Calculate the highest common factor of n and 80.
10
Let u be (-966)/(-56) - 6/(-8). Suppose -48 = -w - u. Suppose -2*q + 17 = -3. What is the highest common divisor of w and q?
10
Let n(d) = 35*d**2 - 4*d + 5. Let f be n(-2). What is the greatest common divisor of 9 and f?
9
Let t = 2 - -8. Let s(q) = -q**2 + 13*q + 1. Let u be s(t). Let r = -22 + u. Calculate the highest common factor of 9 and r.
9
Suppose -14 = -3*b - 5*q, -b - b + 4*q = -2. Let h be 1/b + 24/9. Suppose -37 - 11 = -h*t. Calculate the highest common factor of t and 64.
16
Let x be (45*24/80)/(2/28). Calculate the highest common divisor of x and 84.
21
Suppose -20 = -5*l, -57 - 287 = -5*k + 4*l. What is the highest common factor of 180 and k?
36
Suppose 0*h - h - 6 = 0. Let o be (35/21)/((-2)/h). Suppose 0 = -o*r - l + 31, -3*r = l - 15 - 4. Calculate the highest common divisor of 9 and r.
3
Suppose 0 = -2*n + 3*u + 11, -u = -2*n - 3*u + 16. Let h(m) = m**3 - 8*m**2 + 10*m - 10. Let f be h(n). What is the greatest common divisor of 55 and f?
11
Let h(q) = 8*q**2 + q - 4. Let s be h(-4). Suppose 4*i - s - 72 = 0. Calculate the greatest common divisor of i and 8.
8
Let i = 3 - 0. Suppose -i*x = 22 - 298. Suppose 2*t - 52 = 3*a, -t + 4*a + 0 = -31. What is the highest common divisor of t and x?
23
Let x be (-1)/2*-1*22. Suppose 232*q - 1144 = 224*q. Calculate the highest common divisor of q and x.
11
Suppose -v + 759 = -381. Suppose -v = 3*b - 6*b. Let z be 24/10*b/57. Calculate the highest common divisor of z and 8.
8
Let d(g) = 2*g + 28. Let f be d(-13). Calculate the greatest common factor of 32 and f.
2
Let y(j) = -j + 530. Let s be y(0). Suppose 0 = 5*m - 5*u - s, -3*m - 21 = 4*u - 367. What is the highest common factor of m and 20?
10
Let p(f) = -18*f + 2. Let v be p(-7). What is the greatest common divisor of v and 320?
64
Let z(y) = 25*y + 2. Let w be z(4). Let i = w + -53. What is the greatest common divisor of i and 539?
49
Suppose 3*s - 3*o + 39 = 0, 83 = -5*s + 2*o + 9. Let n be ((-3)/2)/(s/192). Let m = 71 - -1. Calculate the greatest common divisor of n and m.
18
Suppose 0 = 7*z - 40 - 156. Let x(u) = -10*u - 10. Let n be x(-8). What is the highest common divisor of n and z?
14
Suppose -20*p + 2338 - 878 = 0. Calc